{"id":6531,"date":"2025-12-01T18:45:57","date_gmt":"2025-12-01T17:45:57","guid":{"rendered":"https:\/\/jankosyk.de\/?post_type=eventkrake_event&#038;p=6531"},"modified":"2025-12-01T18:47:21","modified_gmt":"2025-12-01T17:47:21","slug":"fruehdienst-in-der-psychatrie-4-krieg-kompott","status":"publish","type":"eventkrake_event","link":"https:\/\/jankosyk.de\/en\/event\/fruehdienst-in-der-psychatrie-4-krieg-kompott\/","title":{"rendered":"Fr\u00fchdienst in der Psychatrie #4: Krieg &#038; Kompott"},"content":{"rendered":"\n<p>Die Jahresendrevue der Liedertour geht mit neuen Patienten und frischem Personal in die wunderbare vierte Runde und l\u00e4sst an zwei Abenden ein ereignisreiches Jahr musikalisch Revue passieren: Weltstars und Local Heroes neben gr\u00f6\u00dfenwahnsinnigen Kleink\u00fcnstlern und sch\u00f6nen Nieten treffen auf ausgemusterte und friedfertige Besucher\u00b7innen und versch\u00f6nern mit bunten, durchgeknallten, hochnachdenklichen und besinnlichen Potpourri mit Apokalyptusbonbongeschmack zwischen Krieg und Kompott und fein dosiertem Optimismus das Stadtbild. <strong class=\"dracula-style-txt-border dracula-processed\" data-dracula_alpha_bg=\"rgba(0, 0, 0, 0)\" data-dracula_preserved_classes=\"dracula-style-txt-border dracula-processed\">Und mittendrin: <\/strong>Ich, begleitet von der wunderbaren Alina Dalsegno am Bass!<\/p>\n\n\n\n<p><a class=\"dracula-style-link dracula-style-txt-border dracula-processed\" data-dracula_alpha_bg=\"rgba(0, 0, 0, 0)\" data-dracula_preserved_classes=\"dracula-style-txt-border dracula-style-link dracula-processed\" href=\"https:\/\/www.ralph-schueller.de\">SCH\u00dcLLER<\/a> &#038; G\u00e4ste:<br><a class=\"dracula-style-txt-border dracula-style-link dracula-processed\" data-dracula_alpha_bg=\"rgba(0, 0, 0, 0)\" href=\"https:\/\/linktr.ee\/anger77\">ANGER77<\/a>, <a class=\"dracula-style-txt-border dracula-style-link dracula-processed\" data-dracula_alpha_bg=\"rgba(0, 0, 0, 0)\" href=\"https:\/\/linktr.ee\/karonero\">KARO NERO<\/a>, Angel&#8217;s Share, <a class=\"dracula-style-txt-border dracula-style-link dracula-processed\" data-dracula_alpha_bg=\"rgba(0, 0, 0, 0)\" href=\"https:\/\/akustikkollektiv.de\/event\/duo-daccord-anna-maria-zinke-akki-schulz\/\">Duo D&#8217;Accord<\/a>, <a class=\"dracula-style-txt-border dracula-style-link dracula-processed\" data-dracula_alpha_bg=\"rgba(0, 0, 0, 0)\" href=\"https:\/\/www.krazysongster.de\/\">Krazy<\/a>, <a class=\"dracula-style-txt-border dracula-style-link dracula-processed\" data-dracula_alpha_bg=\"rgba(0, 0, 0, 0)\" href=\"\/klavierpunk\">Jan Kosyk<\/a>, Wolfram Fricke, <a class=\"dracula-style-txt-border dracula-style-link dracula-processed\" data-dracula_alpha_bg=\"rgba(0, 0, 0, 0)\" href=\"https:\/\/www.instagram.com\/robertweinkauf.goseck\/\">Robert Weinkauf<\/a> u.a.<\/p>\n\n\n\n<p>Hereinspaziert, meine Damen und Herren und alle dazwischen und au\u00dferhalb!<\/p>\n\n\n\n<p><a href=\"https:\/\/www.tixforgigs.com\/de-DE\/Event\/69262\/fruhdienst-in-der-psychiatrie-4-krieg-kompott-neues-schauspiel-leipzig\">TICKETS<\/a>: \u20ac 25,00 \/ erm\u00e4\u00dfigt \u20ac 20,00<\/p>\n\n\n\n<p><em>Grafik: Ralph Sch\u00fcller \/\/ Foto \u00a9 Jana Hagen \/\/ zur freien Verwendung<\/em><\/p>\n","protected":false},"excerpt":{"rendered":"<p>Die Jahresendrevue der Liedertour geht mit neuen Patienten und frischem Personal in die wunderbare vierte Runde und l\u00e4sst an zwei Abenden ein ereignisreiches Jahr musikalisch Revue passieren: Weltstars und Local Heroes neben gr\u00f6\u00dfenwahnsinnigen Kleink\u00fcnstlern und mittendrin: Ich, begleitet von der wunderbaren Alina Dalsegno am Bass. \\o\/<\/p>\n","protected":false},"featured_media":6532,"comment_status":"open","ping_status":"closed","template":"","categories":[],"tags":[],"class_list":{"0":"post-6531","1":"eventkrake_event","2":"type-eventkrake_event","3":"status-publish","4":"has-post-thumbnail","6":"eventkrake-accessibility-"},"_links":{"self":[{"href":"https:\/\/jankosyk.de\/en\/wp-json\/wp\/v2\/eventkrake_event\/6531","targetHints":{"allow":["GET"]}}],"collection":[{"href":"https:\/\/jankosyk.de\/en\/wp-json\/wp\/v2\/eventkrake_event"}],"about":[{"href":"https:\/\/jankosyk.de\/en\/wp-json\/wp\/v2\/types\/eventkrake_event"}],"replies":[{"embeddable":true,"href":"https:\/\/jankosyk.de\/en\/wp-json\/wp\/v2\/comments?post=6531"}],"wp:featuredmedia":[{"embeddable":true,"href":"https:\/\/jankosyk.de\/en\/wp-json\/wp\/v2\/media\/6532"}],"wp:attachment":[{"href":"https:\/\/jankosyk.de\/en\/wp-json\/wp\/v2\/media?parent=6531"}],"wp:term":[{"taxonomy":"category","embeddable":true,"href":"https:\/\/jankosyk.de\/en\/wp-json\/wp\/v2\/categories?post=6531"},{"taxonomy":"post_tag","embeddable":true,"href":"https:\/\/jankosyk.de\/en\/wp-json\/wp\/v2\/tags?post=6531"}],"curies":[{"name":"wp","href":"https:\/\/api.w.org\/{rel}","templated":true}]}}

Frühdienst in der Psychatrie #4: Krieg &#038; Kompott

<p>Die Jahresendrevue der Liedertour geht mit neuen Patienten und frischem Personal in die wunderbare vierte Runde und lässt an zwei Abenden ein ereignisreiches Jahr musikalisch Revue passieren: Weltstars und Local Heroes neben größenwahnsinnigen Kleinkünstlern und schönen Nieten treffen auf ausgemusterte und friedfertige Besucher·innen und verschönern mit bunten, durchgeknallten, hochnachdenklichen und besinnlichen Potpourri mit Apokalyptusbonbongeschmack zwischen Krieg und Kompott und fein dosiertem Optimismus das Stadtbild. <strong class="dracula-style-txt-border dracula-processed" data-dracula_alpha_bg="rgba(0, 0, 0, 0)" data-dracula_preserved_classes="dracula-style-txt-border dracula-processed">Und mittendrin: </strong>Ich, begleitet von der wunderbaren Alina Dalsegno am Bass!</p>



<p><a class="dracula-style-link dracula-style-txt-border dracula-processed" data-dracula_alpha_bg="rgba(0, 0, 0, 0)" data-dracula_preserved_classes="dracula-style-txt-border dracula-style-link dracula-processed" href="https://www.ralph-schueller.de">SCHÜLLER</a> &#038; Gäste:<br><a class="dracula-style-txt-border dracula-style-link dracula-processed" data-dracula_alpha_bg="rgba(0, 0, 0, 0)" href="https://linktr.ee/anger77">ANGER77</a>, <a class="dracula-style-txt-border dracula-style-link dracula-processed" data-dracula_alpha_bg="rgba(0, 0, 0, 0)" href="https://linktr.ee/karonero">KARO NERO</a>, Angel&#8217;s Share, <a class="dracula-style-txt-border dracula-style-link dracula-processed" data-dracula_alpha_bg="rgba(0, 0, 0, 0)" href="https://akustikkollektiv.de/event/duo-daccord-anna-maria-zinke-akki-schulz/">Duo D&#8217;Accord</a>, <a class="dracula-style-txt-border dracula-style-link dracula-processed" data-dracula_alpha_bg="rgba(0, 0, 0, 0)" href="https://www.krazysongster.de/">Krazy</a>, <a class="dracula-style-txt-border dracula-style-link dracula-processed" data-dracula_alpha_bg="rgba(0, 0, 0, 0)" href="/klavierpunk">Jan Kosyk</a>, Wolfram Fricke, <a class="dracula-style-txt-border dracula-style-link dracula-processed" data-dracula_alpha_bg="rgba(0, 0, 0, 0)" href="https://www.instagram.com/robertweinkauf.goseck/">Robert Weinkauf</a> u.a.</p>



<p>Hereinspaziert, meine Damen und Herren und alle dazwischen und außerhalb!</p>



<p><a href="https://www.tixforgigs.com/de-DE/Event/69262/fruhdienst-in-der-psychiatrie-4-krieg-kompott-neues-schauspiel-leipzig">TICKETS</a>: € 25,00 / ermäßigt € 20,00</p>



<p><em>Grafik: Ralph Schüller // Foto © Jana Hagen // zur freien Verwendung</em></p>

<p>Die Jahresendrevue der Liedertour geht mit neuen Patienten und frischem Personal in die wunderbare vierte Runde und lässt an zwei Abenden ein ereignisreiches Jahr musikalisch Revue passieren: Weltstars und Local Heroes neben größenwahnsinnigen Kleinkünstlern und mittendrin: Ich, begleitet von der wunderbaren Alina Dalsegno am Bass. \o/</p>
